{"id":4478,"date":"2021-01-30T19:46:08","date_gmt":"2021-01-30T18:46:08","guid":{"rendered":"http:\/\/klassiker-sportwagen.de\/?page_id=4478"},"modified":"2024-08-23T17:07:36","modified_gmt":"2024-08-23T15:07:36","slug":"impressum","status":"publish","type":"page","link":"https:\/\/klassiker-sportwagen.de\/?page_id=4478","title":{"rendered":"Impressum"},"content":{"rendered":"<p>Impressum \/ Datenschutz<\/p>\n<p><strong>Verwaltung:<\/strong><br \/>\n<strong>Postanschrift<\/strong><br \/>\nKlassiker Sportwagen<br \/>\nWilli Burger<br \/>\nAm Schafhaus 33<br \/>\n53557 Bad H\u00f6nningen<\/p>\n<p><strong>Werkstatt:<\/strong><br \/>\nIndustriestr. 10<br \/>\n56598 Rheinbrohl<\/p>\n<p>Mobil: 0170 41 30 868<\/p>\n<p>Email: ks@klassiker-sportwagen.de<br \/>\nWebsite: www.klassiker-sportwagen.de<\/p>\n<p>Umsatzsteuer Identifikationsnummer nach \u00a727a Umsatzsteuergesetz:<br \/>\nDE 149452794<\/p>\n<p>Steuer-Nr.:<br \/>\n32 \/ 023 \/ 57035<\/p>\n<p>Liebe Kunden, ab dem 25.05.2018 tritt europaweit die neue EU-Datenschutzgrundverordnung (DSGVO)in Kraft. Wir m\u00f6chten Sie gerne \u00fcber diese gesetzliche Ver\u00e4nderung im Bereich Datenschutz informieren.<\/p>\n<p>Ihre personenbezogenen Daten behandeln wir wie bisher &#8211; gem\u00e4\u00df den geltenden gesetzlichen Bestimmungen zum Datenschutz \u2013 mit gr\u00f6\u00dfter Sorgfalt. Daran soll und wird sich nichts \u00e4ndern! Durch die neue EU-DSGV O sind Ihre Rechte als Kunde weiter gest\u00e4rkt; Sie haben als Kunde das Recht auf Auskunft, Berechtigung, L\u00f6schung, Einschr\u00e4nkung der Verarbeitung, Widerspruchsrecht und Recht auf Daten\u00fcbertragbarkeit.<\/p>\n","protected":false},"excerpt":{"rendered":"<p>Impressum \/ Datenschutz Verwaltung: Postanschrift Klassiker Sportwagen Willi Burger Am Schafhaus 33 53557 Bad H\u00f6nningen Werkstatt: Industriestr. 10 56598 Rheinbrohl Mobil: 0170 41 30 868 Email: ks@klassiker-sportwagen.de Website: www.klassiker-sportwagen.de Umsatzsteuer Identifikationsnummer nach \u00a727a Umsatzsteuergesetz: DE 149452794 Steuer-Nr.: 32 \/ 023 \/ 57035 Liebe Kunden, ab dem 25.05.2018 tritt europaweit die neue EU-Datenschutzgrundverordnung (DSGVO)in Kraft. Wir m\u00f6chten Sie gerne \u00fcber diese gesetzliche Ver\u00e4nderung im Bereich Datenschutz informieren. Ihre personenbezogenen Daten behandeln wir wie bisher &#8211; gem\u00e4\u00df den geltenden gesetzlichen Bestimmungen zum Datenschutz \u2013 mit gr\u00f6\u00dfter Sorgfalt. Daran soll und wird sich nichts \u00e4ndern! Durch die neue EU-DSGV O sind Ihre Rechte als Kunde weiter gest\u00e4rkt; Sie haben als Kunde das Recht auf Auskunft, Berechtigung, L\u00f6schung, Einschr\u00e4nkung der Verarbeitung, Widerspruchsrecht und Recht auf Daten\u00fcbertragbarkeit.<\/p>\n","protected":false},"author":1,"featured_media":0,"parent":0,"menu_order":0,"comment_status":"closed","ping_status":"closed","template":"","meta":{"ngg_post_thumbnail":0,"footnotes":""},"class_list":["post-4478","page","type-page","status-publish","hentry"],"yoast_head":"<!-- This site is optimized with the Yoast SEO plugin v26.8 - https:\/\/yoast.com\/product\/yoast-seo-wordpress\/ -->\n<title>Impressum - KS Klassiker-Sportwagen<\/title>\n<meta name=\"robots\" content=\"index, follow, max-snippet:-1, max-image-preview:large, max-video-preview:-1\" \/>\n<link rel=\"canonical\" href=\"http:\/\/klassiker-sportwagen.de\/?page_id=4478\" \/>\n<meta property=\"og:locale\" content=\"de_DE\" \/>\n<meta property=\"og:type\" content=\"article\" \/>\n<meta property=\"og:title\" content=\"Impressum - KS Klassiker-Sportwagen\" \/>\n<meta property=\"og:description\" content=\"Impressum \/ Datenschutz Verwaltung: Postanschrift Klassiker Sportwagen Willi Burger Am Schafhaus 33 53557 Bad H\u00f6nningen Werkstatt: Industriestr. 10 56598 Rheinbrohl Mobil: 0170 41 30 868 Email: ks@klassiker-sportwagen.de Website: www.klassiker-sportwagen.de Umsatzsteuer Identifikationsnummer nach \u00a727a Umsatzsteuergesetz: DE 149452794 Steuer-Nr.: 32 \/ 023 \/ 57035 Liebe Kunden, ab dem 25.05.2018 tritt europaweit die neue EU-Datenschutzgrundverordnung (DSGVO)in Kraft. Wir m\u00f6chten Sie gerne \u00fcber diese gesetzliche Ver\u00e4nderung im Bereich Datenschutz informieren. Ihre personenbezogenen Daten behandeln wir wie bisher &#8211; gem\u00e4\u00df den geltenden gesetzlichen Bestimmungen zum Datenschutz \u2013 mit gr\u00f6\u00dfter Sorgfalt. Daran soll und wird sich nichts \u00e4ndern! Durch die neue EU-DSGV O sind Ihre Rechte als Kunde weiter gest\u00e4rkt; Sie haben als Kunde das Recht auf Auskunft, Berechtigung, L\u00f6schung, Einschr\u00e4nkung der Verarbeitung, Widerspruchsrecht und Recht auf Daten\u00fcbertragbarkeit.\" \/>\n<meta property=\"og:url\" content=\"http:\/\/klassiker-sportwagen.de\/?page_id=4478\" \/>\n<meta property=\"og:site_name\" content=\"KS Klassiker-Sportwagen\" \/>\n<meta property=\"article:modified_time\" content=\"2024-08-23T15:07:36+00:00\" \/>\n<meta name=\"twitter:card\" content=\"summary_large_image\" \/>\n<meta name=\"twitter:label1\" content=\"Gesch\u00e4tzte Lesezeit\" \/>\n\t<meta name=\"twitter:data1\" content=\"1\u00a0Minute\" \/>\n<script type=\"application\/ld+json\" class=\"yoast-schema-graph\">{\"@context\":\"https:\/\/schema.org\",\"@graph\":[{\"@type\":\"WebPage\",\"@id\":\"http:\/\/klassiker-sportwagen.de\/?page_id=4478\",\"url\":\"http:\/\/klassiker-sportwagen.de\/?page_id=4478\",\"name\":\"Impressum - KS Klassiker-Sportwagen\",\"isPartOf\":{\"@id\":\"http:\/\/klassiker-sportwagen.de\/#website\"},\"datePublished\":\"2021-01-30T18:46:08+00:00\",\"dateModified\":\"2024-08-23T15:07:36+00:00\",\"breadcrumb\":{\"@id\":\"http:\/\/klassiker-sportwagen.de\/?page_id=4478#breadcrumb\"},\"inLanguage\":\"de\",\"potentialAction\":[{\"@type\":\"ReadAction\",\"target\":[\"http:\/\/klassiker-sportwagen.de\/?page_id=4478\"]}]},{\"@type\":\"BreadcrumbList\",\"@id\":\"http:\/\/klassiker-sportwagen.de\/?page_id=4478#breadcrumb\",\"itemListElement\":[{\"@type\":\"ListItem\",\"position\":1,\"name\":\"Startseite\",\"item\":\"http:\/\/klassiker-sportwagen.de\/\"},{\"@type\":\"ListItem\",\"position\":2,\"name\":\"Impressum\"}]},{\"@type\":\"WebSite\",\"@id\":\"http:\/\/klassiker-sportwagen.de\/#website\",\"url\":\"http:\/\/klassiker-sportwagen.de\/\",\"name\":\"KS Klassiker-Sportwagen\",\"description\":\"Klassiker Sportwagen Bad H\u00f6nningen\",\"publisher\":{\"@id\":\"http:\/\/klassiker-sportwagen.de\/#organization\"},\"potentialAction\":[{\"@type\":\"SearchAction\",\"target\":{\"@type\":\"EntryPoint\",\"urlTemplate\":\"http:\/\/klassiker-sportwagen.de\/?s={search_term_string}\"},\"query-input\":{\"@type\":\"PropertyValueSpecification\",\"valueRequired\":true,\"valueName\":\"search_term_string\"}}],\"inLanguage\":\"de\"},{\"@type\":\"Organization\",\"@id\":\"http:\/\/klassiker-sportwagen.de\/#organization\",\"name\":\"KS Klassiker Sportwagen\",\"url\":\"http:\/\/klassiker-sportwagen.de\/\",\"logo\":{\"@type\":\"ImageObject\",\"inLanguage\":\"de\",\"@id\":\"http:\/\/klassiker-sportwagen.de\/#\/schema\/logo\/image\/\",\"url\":\"http:\/\/klassiker-sportwagen.de\/wp-content\/uploads\/2013\/05\/Logo-2.png\",\"contentUrl\":\"http:\/\/klassiker-sportwagen.de\/wp-content\/uploads\/2013\/05\/Logo-2.png\",\"width\":854,\"height\":289,\"caption\":\"KS Klassiker Sportwagen\"},\"image\":{\"@id\":\"http:\/\/klassiker-sportwagen.de\/#\/schema\/logo\/image\/\"}}]}<\/script>\n<!-- \/ Yoast SEO plugin. -->","yoast_head_json":{"title":"Impressum - KS Klassiker-Sportwagen","robots":{"index":"index","follow":"follow","max-snippet":"max-snippet:-1","max-image-preview":"max-image-preview:large","max-video-preview":"max-video-preview:-1"},"canonical":"http:\/\/klassiker-sportwagen.de\/?page_id=4478","og_locale":"de_DE","og_type":"article","og_title":"Impressum - KS Klassiker-Sportwagen","og_description":"Impressum \/ Datenschutz Verwaltung: Postanschrift Klassiker Sportwagen Willi Burger Am Schafhaus 33 53557 Bad H\u00f6nningen Werkstatt: Industriestr. 10 56598 Rheinbrohl Mobil: 0170 41 30 868 Email: ks@klassiker-sportwagen.de Website: www.klassiker-sportwagen.de Umsatzsteuer Identifikationsnummer nach \u00a727a Umsatzsteuergesetz: DE 149452794 Steuer-Nr.: 32 \/ 023 \/ 57035 Liebe Kunden, ab dem 25.05.2018 tritt europaweit die neue EU-Datenschutzgrundverordnung (DSGVO)in Kraft. Wir m\u00f6chten Sie gerne \u00fcber diese gesetzliche Ver\u00e4nderung im Bereich Datenschutz informieren. Ihre personenbezogenen Daten behandeln wir wie bisher &#8211; gem\u00e4\u00df den geltenden gesetzlichen Bestimmungen zum Datenschutz \u2013 mit gr\u00f6\u00dfter Sorgfalt. Daran soll und wird sich nichts \u00e4ndern! Durch die neue EU-DSGV O sind Ihre Rechte als Kunde weiter gest\u00e4rkt; Sie haben als Kunde das Recht auf Auskunft, Berechtigung, L\u00f6schung, Einschr\u00e4nkung der Verarbeitung, Widerspruchsrecht und Recht auf Daten\u00fcbertragbarkeit.","og_url":"http:\/\/klassiker-sportwagen.de\/?page_id=4478","og_site_name":"KS Klassiker-Sportwagen","article_modified_time":"2024-08-23T15:07:36+00:00","twitter_card":"summary_large_image","twitter_misc":{"Gesch\u00e4tzte Lesezeit":"1\u00a0Minute"},"schema":{"@context":"https:\/\/schema.org","@graph":[{"@type":"WebPage","@id":"http:\/\/klassiker-sportwagen.de\/?page_id=4478","url":"http:\/\/klassiker-sportwagen.de\/?page_id=4478","name":"Impressum - KS Klassiker-Sportwagen","isPartOf":{"@id":"http:\/\/klassiker-sportwagen.de\/#website"},"datePublished":"2021-01-30T18:46:08+00:00","dateModified":"2024-08-23T15:07:36+00:00","breadcrumb":{"@id":"http:\/\/klassiker-sportwagen.de\/?page_id=4478#breadcrumb"},"inLanguage":"de","potentialAction":[{"@type":"ReadAction","target":["http:\/\/klassiker-sportwagen.de\/?page_id=4478"]}]},{"@type":"BreadcrumbList","@id":"http:\/\/klassiker-sportwagen.de\/?page_id=4478#breadcrumb","itemListElement":[{"@type":"ListItem","position":1,"name":"Startseite","item":"http:\/\/klassiker-sportwagen.de\/"},{"@type":"ListItem","position":2,"name":"Impressum"}]},{"@type":"WebSite","@id":"http:\/\/klassiker-sportwagen.de\/#website","url":"http:\/\/klassiker-sportwagen.de\/","name":"KS Klassiker-Sportwagen","description":"Klassiker Sportwagen Bad H\u00f6nningen","publisher":{"@id":"http:\/\/klassiker-sportwagen.de\/#organization"},"potentialAction":[{"@type":"SearchAction","target":{"@type":"EntryPoint","urlTemplate":"http:\/\/klassiker-sportwagen.de\/?s={search_term_string}"},"query-input":{"@type":"PropertyValueSpecification","valueRequired":true,"valueName":"search_term_string"}}],"inLanguage":"de"},{"@type":"Organization","@id":"http:\/\/klassiker-sportwagen.de\/#organization","name":"KS Klassiker Sportwagen","url":"http:\/\/klassiker-sportwagen.de\/","logo":{"@type":"ImageObject","inLanguage":"de","@id":"http:\/\/klassiker-sportwagen.de\/#\/schema\/logo\/image\/","url":"http:\/\/klassiker-sportwagen.de\/wp-content\/uploads\/2013\/05\/Logo-2.png","contentUrl":"http:\/\/klassiker-sportwagen.de\/wp-content\/uploads\/2013\/05\/Logo-2.png","width":854,"height":289,"caption":"KS Klassiker Sportwagen"},"image":{"@id":"http:\/\/klassiker-sportwagen.de\/#\/schema\/logo\/image\/"}}]}},"_links":{"self":[{"href":"https:\/\/klassiker-sportwagen.de\/index.php?rest_route=\/wp\/v2\/pages\/4478","targetHints":{"allow":["GET"]}}],"collection":[{"href":"https:\/\/klassiker-sportwagen.de\/index.php?rest_route=\/wp\/v2\/pages"}],"about":[{"href":"https:\/\/klassiker-sportwagen.de\/index.php?rest_route=\/wp\/v2\/types\/page"}],"author":[{"embeddable":true,"href":"https:\/\/klassiker-sportwagen.de\/index.php?rest_route=\/wp\/v2\/users\/1"}],"replies":[{"embeddable":true,"href":"https:\/\/klassiker-sportwagen.de\/index.php?rest_route=%2Fwp%2Fv2%2Fcomments&post=4478"}],"version-history":[{"count":5,"href":"https:\/\/klassiker-sportwagen.de\/index.php?rest_route=\/wp\/v2\/pages\/4478\/revisions"}],"predecessor-version":[{"id":4905,"href":"https:\/\/klassiker-sportwagen.de\/index.php?rest_route=\/wp\/v2\/pages\/4478\/revisions\/4905"}],"wp:attachment":[{"href":"https:\/\/klassiker-sportwagen.de\/index.php?rest_route=%2Fwp%2Fv2%2Fmedia&parent=4478"}],"curies":[{"name":"wp","href":"https:\/\/api.w.org\/{rel}","templated":true}]}}